{"id":92,"date":"2012-12-16T20:42:13","date_gmt":"2012-12-16T20:42:13","guid":{"rendered":"http:\/\/www.condominiomundonovo.com.br\/?page_id=92"},"modified":"2012-12-16T22:15:50","modified_gmt":"2012-12-16T22:15:50","slug":"atividades","status":"publish","type":"page","link":"https:\/\/www.condominiomundonovo.com.br\/?page_id=92","title":{"rendered":"Atividades"},"content":{"rendered":"<p><strong>Luta<\/strong><br \/>\n<strong>Jud\u00f4<\/strong><br \/>\nN\u00e3o se sabe exatamente quando o jud\u00f4 foi introduzido no Brasil, mas certamente foi a partir de 1908, com a chegada da primeira leva oficial de imigrantes ao Brasil. Na d\u00e9cada de 1910, Sack Miura chegou a lecionar jud\u00f4 para a Marinha brasileira, entretanto ele abandonou a arte ao ser derrotado por um capoeirista. Um dos primeiros torneios de jud\u00f4 foi realizado no dia 01 de maio de 1931 na cidade de Ara\u00e7atuba, estado de S\u00e3o Paulo.O torneio incluiu lutas contra boxe e luta greco-romana. O jud\u00f4 no Brasil passou a ser organizado e largamente difundido a partir de agosto de 1933, com a funda\u00e7\u00e3o da Hakkoku J\u00fbkend\u00f4 Renmei, a Federa\u00e7\u00e3o de Jud\u00f4 e Kend\u00f4 do Brasil, por ocasi\u00e3o do 25o anivers\u00e1rio da imigra\u00e7\u00e3o japonesa ao Brasil.<\/p>\n<p><strong>Jiu-Jitsu<\/strong><br \/>\nEm 1917, Mitsuyo Maeda, tamb\u00e9m conhecido como conde Koma, foi enviado ao Brasil em miss\u00e3o diplom\u00e1tica com o objetivo de receber os imigrantes japoneses e fix\u00e1-los no pa\u00eds. Sensei da Academia Kodokan de jud\u00f4, Maeda ensinou Carlos Gracie em virtude da afinidade com seu pai, Gast\u00e3o Gracie. Carlos por sua vez ensinou a seus demais irm\u00e3os, em especial a H\u00e9lio Gracie. Para compensar seu biotipo, a partir dos ensinamentos de Carlos, H\u00e9lio aprimorou a parte de solo pelo uso do dispositivo de alavanca, dando-lhe a for\u00e7a extra que o mesmo n\u00e3o dispunha.<\/p>\n<hr>\n<\/hr>\n<p><strong>Dan\u00e7as<\/strong><br \/>\n<strong>Ballet<\/strong><br \/>\nO ballet tem suas ra\u00edzes na It\u00e1lia renascentista atrav\u00e9s das pantomimas (pe\u00e7as de teatro sem falas, utilizando apenas express\u00f5es faciais e corporais, geralmente improvisada)que eram realizados por atores e circenses em grandes sal\u00f5es para membros da corte.<\/p>\n<p><strong>Jazz<\/strong><br \/>\nA dan\u00e7a moderna modificou drasticamente as &#8220;posi\u00e7\u00f5es-base&#8221; do ballet cl\u00e1ssico, al\u00e9m de tirar as sapatilhas das bailarinas e parar de controlar seu peso. Ela mant\u00e9m, no entanto, a estrutura do ballet, fazendo uso de diagonais e da dan\u00e7a conjunta. A dan\u00e7a contempor\u00e2nea busca uma ruptura total com o bal\u00e9, chegando \u00e0s vezes at\u00e9 mesmo a deixar de lado a est\u00e9tica: o que importa \u00e9 a transmiss\u00e3o de sentimentos, id\u00e9ias, conceitos. Solos de improvisa\u00e7\u00e3o s\u00e3o bastante freq\u00fcentes.<\/p>\n<hr>\n<\/hr>\n<p><strong>Esportes<\/strong><br \/>\n<strong>Nata\u00e7\u00e3o<\/strong><br \/>\nNata\u00e7\u00e3o \u00e9 a capacidade do homem e de outros animais de se deslocarem atrav\u00e9s de movimentos efectuados no meio l\u00edquido, geralmente sem ajuda artificial. A nata\u00e7\u00e3o \u00e9 uma atividade que pode ser simultaneamente \u00fatil e recreativa.<br \/>\nFutebol<br \/>\nO futebol \u00e9 o esporte coletivo mais praticado no mundo. \u00c9 disputado num campo retangular por duas equipes, que t\u00eam como objetivo colocar a bola dentro das balizas advers\u00e1rias, o que \u00e9 chamado de gol.<\/p>\n<p><strong>T\u00eanis<\/strong><br \/>\nT\u00eanis \u00e9 um desporto de origem brit\u00e2nica, disputado em quadras. Participam no jogo dois oponentes ou duas duplas de oponentes, A quadra \u00e9 dividida em duas meia-quadras por uma rede, e o objetivo do jogo \u00e9 rebater uma pequena bola para al\u00e9m da rede com ajuda de uma raquete.<\/p>\n<p><strong>V\u00f4lei<\/strong><br \/>\nV\u00f4lei \u00e9 um desporto praticado numa quadra dividida em duas partes por uma rede, possuindo duas equipes de seis jogadores em cada lado. O objetivo da modalidade \u00e9 fazer passar a bola sobre a rede de modo a que esta toque no ch\u00e3o dentro da quadra advers\u00e1ria.<\/p>\n<hr>\n<\/hr>\n<p><strong>Fitness<\/strong><br \/>\n&#8211; Muscula\u00e7\u00e3o<br \/>\n&#8211; Gin\u00e1stica<br \/>\n&#8211; Alongamento<br \/>\n&#8211; Hidrogin\u00e1stica<br \/>\n&#8211; Spinning<br \/>\n&#8211; Running<\/p>\n","protected":false},"excerpt":{"rendered":"<p>Luta Jud\u00f4 N\u00e3o se sabe exatamente quando o jud\u00f4 foi introduzido no Brasil, mas certamente foi a partir de 1908, com a chegada da primeira leva oficial de imigrantes ao Brasil. Na d\u00e9cada de 1910, Sack Miura chegou a lecionar &hellip; <a href=\"https:\/\/www.condominiomundonovo.com.br\/?page_id=92\">Continue lendo <span class=\"meta-nav\">&rarr;<\/span><\/a><\/p>\n","protected":false},"author":1,"featured_media":0,"parent":0,"menu_order":0,"comment_status":"open","ping_status":"open","template":"","meta":{"footnotes":""},"class_list":["post-92","page","type-page","status-publish","hentry"],"_links":{"self":[{"href":"https:\/\/www.condominiomundonovo.com.br\/index.php?rest_route=\/wp\/v2\/pages\/92"}],"collection":[{"href":"https:\/\/www.condominiomundonovo.com.br\/index.php?rest_route=\/wp\/v2\/pages"}],"about":[{"href":"https:\/\/www.condominiomundonovo.com.br\/index.php?rest_route=\/wp\/v2\/types\/page"}],"author":[{"embeddable":true,"href":"https:\/\/www.condominiomundonovo.com.br\/index.php?rest_route=\/wp\/v2\/users\/1"}],"replies":[{"embeddable":true,"href":"https:\/\/www.condominiomundonovo.com.br\/index.php?rest_route=%2Fwp%2Fv2%2Fcomments&post=92"}],"version-history":[{"count":9,"href":"https:\/\/www.condominiomundonovo.com.br\/index.php?rest_route=\/wp\/v2\/pages\/92\/revisions"}],"predecessor-version":[{"id":151,"href":"https:\/\/www.condominiomundonovo.com.br\/index.php?rest_route=\/wp\/v2\/pages\/92\/revisions\/151"}],"wp:attachment":[{"href":"https:\/\/www.condominiomundonovo.com.br\/index.php?rest_route=%2Fwp%2Fv2%2Fmedia&parent=92"}],"curies":[{"name":"wp","href":"https:\/\/api.w.org\/{rel}","templated":true}]}}